{"id":13,"date":"2017-05-10T13:59:38","date_gmt":"2017-05-10T11:59:38","guid":{"rendered":"https:\/\/astrologiestructurale.com\/?page_id=13"},"modified":"2023-04-21T15:28:12","modified_gmt":"2023-04-21T13:28:12","slug":"astrologie-structurale","status":"publish","type":"page","link":"https:\/\/astrologiestructurale.com\/index.php\/astrologie-structurale\/","title":{"rendered":"ASTROLOGIE STRUCTURALE"},"content":{"rendered":"<div id=\"dslc-content\" class=\"dslc-content dslc-clearfix\"><div id=\"dslc-main\">\n\t\t<div  class=\"dslc-modules-section  dslc-init-parallax  dslc-full \" style=\"margin-bottom:40px;padding-bottom:150px;padding-top:150px;background-image:url(https:\/\/astrologiestructurale.com\/wp-content\/uploads\/2017\/05\/bg3.png);background-repeat:no-repeat;background-position:center top;background-attachment:parallax;background-size:cover;\" data-section-id=\"446334baa88\">\n\t\t\t\t\n\t\t\t\t\n\t\t\t\t<div class=\"dslc-modules-section-wrapper dslc-clearfix\"><div class=\"dslc-modules-area dslc-col dslc-12-col dslc-last-col dslc-valign- \" data-size=\"12\" data-valign=\"\">\n\t\t<div id=\"dslc-module-f8db6fb6037\" class=\"dslc-module-front dslc-module-DSLC_Text_Simple dslc-in-viewport-check dslc-in-viewport-anim-none  dslc-col dslc-12-col dslc-last-col  dslc-module-handle-like-regular \" data-module-id=\"f8db6fb6037\" data-module=\"DSLC_Text_Simple\" data-dslc-module-size=\"12\" data-dslc-anim=\"none\" data-dslc-anim-delay=\"\" data-dslc-anim-duration=\"650\"  data-dslc-anim-easing=\"ease\" data-dslc-preset=\"none\" >\n\n\t\t\t\n\t\t\t\n\t\t\n\t\t<div class=\"dslc-text-module-content\">\n\t\t\t<h1 style=\"text-align: center; text-transform: uppercase; font-size: 76px; color:#ffffff;\">astrologie structurale<\/h1>\t\t<\/div>\n\n\t\t\n\t\t\t\t<\/div><!-- .dslc-module -->\n\t\t<\/div><\/div><\/div>\n\t\t<div  class=\"dslc-modules-section  dslc-full \" style=\"margin-bottom:37px;padding-bottom:0px;padding-top:0px;\" data-section-id=\"d703e2dbdaf\">\n\t\t\t\t\n\t\t\t\t\n\t\t\t\t<div class=\"dslc-modules-section-wrapper dslc-clearfix\"><div class=\"dslc-modules-area dslc-col dslc-2-col dslc-first-col dslc-valign- \" data-size=\"2\" data-valign=\"\"><\/div><div class=\"dslc-modules-area dslc-col dslc-8-col  dslc-valign- \" data-size=\"8\" data-valign=\"\">\n\t\t<div id=\"dslc-module-121\" class=\"dslc-module-front dslc-module-DSLC_Text_Simple dslc-in-viewport-check dslc-in-viewport-anim-none  dslc-col dslc-12-col dslc-last-col  dslc-module-handle-like-regular \" data-module-id=\"121\" data-module=\"DSLC_Text_Simple\" data-dslc-module-size=\"12\" data-dslc-anim=\"none\" data-dslc-anim-delay=\"0\" data-dslc-anim-duration=\"650\"  data-dslc-anim-easing=\"ease\" data-dslc-preset=\"none\" >\n\n\t\t\t\n\t\t\t\n\t\t\n\t\t<div class=\"dslc-text-module-content\">\n\t\t\t<h1 style=\"text-align: center;\"><span style=\"color: #ff9900;\">Une astrologie enracin\u00e9e dans l\u2019histoire<\/span><\/h1><p><strong>Le monde de l'astrologie est si multiforme qu'il est plus juste de parler des astrologies que de l'astrologie<\/strong>. Mais s'il existe un grand nombre d'\u00e9coles astrologiques, elles se regroupent toutefois en deux grands courants qui se distinguent par la philosophie qui les sous-tend, et par la finalit\u00e9 qu'ils assignent \u00e0 la pratique de cet art mill\u00e9naire. Le premier courant est celui qui a pr\u00e9valu depuis l'origine de l'astrologie jusqu'au si\u00e8cle dernier. Les \u00e9coles qui s'y rattachent voient dans la Carte du Ciel le moyen de pr\u00e9voir la qualit\u00e9 des diff\u00e9rentes p\u00e9riodes de l'existence humaine, et de d\u00e9crire le comportement d'une personne ou de ses proches. Ce type d\u2019approche proc\u00e8de de la pens\u00e9e magique : les plan\u00e8tes sont assimil\u00e9es \u00e0 des divinit\u00e9s c\u00e9lestes qui gouvernent la destin\u00e9e humaine, les individus sont soumis \u00e0 l\u2019influence de forces qui les d\u00e9passent et sont la cause des \u00e9v\u00e9nements qui surviennent.<\/p><h1 style=\"text-align: center;\"><span style=\"color: #ff9900;\">Une astrologie au service de l\u2019humain<\/span><\/h1><p><strong>L'Astrologie Structurale, cr\u00e9\u00e9e par Christian Duchaussoy, s'inscrit r\u00e9solument dans la lign\u00e9e de l'Astrologie Humaniste. Tout en int\u00e9grant les fondements de la Tradition, elle reconna\u00eet dans la vision de Dane Rudhyar un apport d\u00e9cisif, r\u00e9v\u00e9lateur d'une dimension et de perspectives radicalement nouvelles.<\/strong> Consid\u00e9rant que la v\u00e9ritable vocation de l\u2019astrologie est d\u2019aider l\u2019\u00eatre humain \u00e0 exprimer le meilleur de lui-m\u00eame et \u00e0 mener une vie riche de sens, elle a d\u00e9velopp\u00e9 des techniques sp\u00e9cifiques adapt\u00e9es aux questions concr\u00e8tes que se posent les femmes et les hommes d\u2019aujourd\u2019hui : Pourquoi tel domaine de mon existence est-il souvent un lieu d\u2019\u00e9chec ? Quelle profession me permettrait de me r\u00e9aliser socialement ? Quelle crise mon enfant est-il en train de traverser, et comment l\u2019aider ? Comment d\u00e9passer un comportement qui g\u00e2che la relation \u00e0 mon conjoint ? Qu\u2019est-ce qui m\u2019emp\u00eache d\u2019oser mes d\u00e9sirs ?... La r\u00e9ponse \u00e0 ces questions suppose un cheminement de la conscience que l\u2019Astrologie Structurale a pour r\u00f4le de faciliter.<\/p><h1 style=\"text-align: center;\"><span style=\"color: #ff9900;\">Une lecture de l\u2019inconscient\u2026<\/span><\/h1><p><strong>La source de nos difficult\u00e9s se trouve souvent dans les empreintes inscrites dans notre psychisme sous forme de \u00ab croyances \u00bb inconscientes. Ces croyances, g\u00e9n\u00e9r\u00e9es dans l\u2019enfance par la relation \u00e0 notre environnement familial, fa\u00e7onnent la repr\u00e9sentation que nous avons de nous-m\u00eame et du monde.<\/strong> Dans une fid\u00e9lit\u00e9 inlassable \u00e0 cet h\u00e9ritage enfantin, nous r\u00e9p\u00e9tons des comportements inad\u00e9quats, et vivons notre existence selon des sc\u00e9narios fig\u00e9s qui ne respectent ni notre identit\u00e9 r\u00e9elle ni la v\u00e9rit\u00e9 de l'instant. Le d\u00e9calage entre nos choix de vie et nos aspirations profondes, oubli\u00e9es, se manifeste plus particuli\u00e8rement lors des crises in\u00e9vitables qui jalonnent notre existence. La lecture d'un Th\u00e8me Natal \u00e0 la lumi\u00e8re de l\u2019Astrologie Structurale permet de d\u00e9crypter pr\u00e9cis\u00e9ment les traces de ce pass\u00e9 que nous ne cessons de r\u00e9actualiser. Elle nous aide ainsi \u00e0 vivre ces crises comme des moments privil\u00e9gi\u00e9s de croissance et de maturation.\u00a0<\/p><h1 style=\"text-align: center;\"><span style=\"color: #ff9900;\">\u2026et une vision spirituelle<\/span><\/h1><p>Au-del\u00e0 de la r\u00e9alisation de nos d\u00e9sirs l\u00e9gitimes \u2013relatifs \u00e0 notre vie professionnelle, mat\u00e9rielle ou affective - des questions incontournables et d\u2019un autre ordre se posent \u00e0 nous : <strong>quel est v\u00e9ritablement le but de notre incarnation ? Quel \u00ab projet \u00bb la Vie nous pousse t'elle, chacun, \u00e0 r\u00e9aliser ? Quelle est notre vocation ultime ?\u00a0<\/strong>En nous aidant \u00e0 cheminer vers notre r\u00e9ponse, l'Astrologie Structurale favorise l'accomplissement de notre destin\u00e9e \u00e0 son plus haut niveau.<\/p>\t\t<\/div>\n\n\t\t\n\t\t\t\t<\/div><!-- .dslc-module -->\n\t\t<\/div><div class=\"dslc-modules-area dslc-col dslc-2-col dslc-last-col dslc-valign- \" data-size=\"2\" data-valign=\"\"><\/div><\/div><\/div>\n\t\t<div  class=\"dslc-modules-section  dslc-full \" style=\"margin-bottom:37px;padding-bottom:0px;padding-top:0px;\" data-section-id=\"54d522ce9e5\">\n\t\t\t\t\n\t\t\t\t\n\t\t\t\t<div class=\"dslc-modules-section-wrapper dslc-clearfix\"><div class=\"dslc-modules-area dslc-col dslc-2-col dslc-first-col dslc-valign- \" data-size=\"2\" data-valign=\"\"><\/div><div class=\"dslc-modules-area dslc-col dslc-8-col  dslc-valign- \" data-size=\"8\" data-valign=\"\">\n\t\t<div id=\"dslc-module-125\" class=\"dslc-module-front dslc-module-DSLC_Text_Simple dslc-in-viewport-check dslc-in-viewport-anim-none  dslc-col dslc-12-col dslc-last-col  dslc-module-handle-like-regular \" data-module-id=\"125\" data-module=\"DSLC_Text_Simple\" data-dslc-module-size=\"12\" data-dslc-anim=\"none\" data-dslc-anim-delay=\"0\" data-dslc-anim-duration=\"650\"  data-dslc-anim-easing=\"ease\" data-dslc-preset=\"none\" >\n\n\t\t\t\n\t\t\t\n\t\t\n\t\t<div class=\"dslc-text-module-content\">\n\t\t\t<h1 style=\"text-align: center;\"><span style=\"color: #ffffff;\">Une astrologie efficace<\/span><\/h1>\n<p style=\"text-align: justify;\"><span style=\"color: #ffffff;\">L'efficacit\u00e9 de l'Astrologie Structurale repose sur l'utilisation d'un r\u00e9f\u00e9rentiel unique qui organise toute la symbolique traditionnelle dans une structure coh\u00e9rente. Celle-ci donne \u00e0 la fois une vision claire des significations de chaque symbole, et du pourquoi de ces significations. <\/span><\/p>\n<p style=\"text-align: justify;\"><span style=\"color: #ffffff;\">Se d\u00e9clinant sur plusieurs niveaux de lecture, ce r\u00e9f\u00e9rentiel permet \u00e0 l'astrologue de s'adapter au questionnement du consultant et de l'orienter vers un changement de niveau, favorisant ainsi une prise de recul et un nouveau regard sur ce qu\u2019il vit. <\/span><\/p>\n<p style=\"text-align: justify;\"><span style=\"color: #ffffff;\">S'appuyant sur les th\u00e9ories actuelles de la psychologie et de la psychanalyse, l'Astrologie Structurale a \u00e9galement d\u00e9velopp\u00e9 la signification des symboles traditionnels et la port\u00e9e des techniques connues. De ce fait, elle constitue un outil performant pour:<!--more-->\n\n\n\n\n\n<\/span><\/p>\t\t<\/div>\n\n\t\t\n\t\t\t\t<\/div><!-- .dslc-module -->\n\t\t<\/div><div class=\"dslc-modules-area dslc-col dslc-2-col dslc-last-col dslc-valign- \" data-size=\"2\" data-valign=\"\"><\/div><\/div><\/div>\n\t\t<div  class=\"dslc-modules-section  dslc-full overdivs \" style=\"margin-bottom:37px;padding-bottom:0px;padding-top:0px;\" data-section-id=\"3d827c5f73b\">\n\t\t\t\t\n\t\t\t\t\n\t\t\t\t<div class=\"dslc-modules-section-wrapper dslc-clearfix\"><div class=\"dslc-modules-area dslc-col dslc-2-col dslc-first-col dslc-valign- \" data-size=\"2\" data-valign=\"\"><\/div><div class=\"dslc-modules-area dslc-col dslc-2-col  dslc-valign- \" data-size=\"2\" data-valign=\"\">\n\t\t<div id=\"dslc-module-140\" class=\"dslc-module-front dslc-module-DSLC_Text_Simple dslc-in-viewport-check dslc-in-viewport-anim-none  dslc-col dslc-12-col dslc-last-col  dslc-module-handle-like-regular \" data-module-id=\"140\" data-module=\"DSLC_Text_Simple\" data-dslc-module-size=\"12\" data-dslc-anim=\"none\" data-dslc-anim-delay=\"0\" data-dslc-anim-duration=\"650\"  data-dslc-anim-easing=\"ease\" data-dslc-preset=\"none\" >\n\n\t\t\t\n\t\t\t\n\t\t\n\t\t<div class=\"dslc-text-module-content\">\n\t\t\t<p><strong><span style=\"color: #ff9900;\">Reconna\u00eetre les potentiels<\/span> dont nous sommes porteurs \u00e0 notre naissance et dont la libre expression est indispensable \u00e0 notre \u00e9panouissement<\/strong><\/p>\t\t<\/div>\n\n\t\t\n\t\t\t\t<\/div><!-- .dslc-module -->\n\t\t<\/div><div class=\"dslc-modules-area dslc-col dslc-1-col  dslc-valign- \" data-size=\"1\" data-valign=\"\"><\/div><div class=\"dslc-modules-area dslc-col dslc-2-col  dslc-valign- \" data-size=\"2\" data-valign=\"\">\n\t\t<div id=\"dslc-module-131\" class=\"dslc-module-front dslc-module-DSLC_Text_Simple dslc-in-viewport-check dslc-in-viewport-anim-none  dslc-col dslc-12-col dslc-last-col  dslc-module-handle-like-regular \" data-module-id=\"131\" data-module=\"DSLC_Text_Simple\" data-dslc-module-size=\"12\" data-dslc-anim=\"none\" data-dslc-anim-delay=\"0\" data-dslc-anim-duration=\"650\"  data-dslc-anim-easing=\"ease\" data-dslc-preset=\"none\" >\n\n\t\t\t\n\t\t\t\n\t\t\n\t\t<div class=\"dslc-text-module-content\">\n\t\t\t<p><strong><span style=\"color: #ff9900;\">D\u00e9crire les sc\u00e9narios r\u00e9p\u00e9titifs et les automatismes de comportements<\/span> qui s'imposent \u00e0 nous et bloquent notre \u00e9volution<\/strong><\/p>\t\t<\/div>\n\n\t\t\n\t\t\t\t<\/div><!-- .dslc-module -->\n\t\t<\/div><div class=\"dslc-modules-area dslc-col dslc-1-col  dslc-valign- \" data-size=\"1\" data-valign=\"\"><\/div><div class=\"dslc-modules-area dslc-col dslc-2-col  dslc-valign- \" data-size=\"2\" data-valign=\"\">\n\t\t<div id=\"dslc-module-132\" class=\"dslc-module-front dslc-module-DSLC_Text_Simple dslc-in-viewport-check dslc-in-viewport-anim-none  dslc-col dslc-12-col dslc-last-col  dslc-module-handle-like-regular \" data-module-id=\"132\" data-module=\"DSLC_Text_Simple\" data-dslc-module-size=\"12\" data-dslc-anim=\"none\" data-dslc-anim-delay=\"0\" data-dslc-anim-duration=\"650\"  data-dslc-anim-easing=\"ease\" data-dslc-preset=\"none\" >\n\n\t\t\t\n\t\t\t\n\t\t\n\t\t<div class=\"dslc-text-module-content\">\n\t\t\t<p><strong><span style=\"color: #ff9900;\">Comprendre la cause des m\u00e9canismes psychologiques<\/span> (croyances inconscientes), auxquels nous nous identifions<\/strong><\/p>\t\t<\/div>\n\n\t\t\n\t\t\t\t<\/div><!-- .dslc-module -->\n\t\t<\/div><div class=\"dslc-modules-area dslc-col dslc-2-col dslc-last-col dslc-valign- \" data-size=\"2\" data-valign=\"\"><\/div><\/div><\/div>\n\t\t<div  class=\"dslc-modules-section  dslc-full overdivs \" style=\"margin-bottom:37px;padding-bottom:0px;padding-top:0px;\" data-section-id=\"20605ac0d87\">\n\t\t\t\t\n\t\t\t\t\n\t\t\t\t<div class=\"dslc-modules-section-wrapper dslc-clearfix\"><div class=\"dslc-modules-area dslc-col dslc-2-col dslc-first-col dslc-valign- \" data-size=\"2\" data-valign=\"\"><\/div><div class=\"dslc-modules-area dslc-col dslc-2-col  dslc-valign- \" data-size=\"2\" data-valign=\"\">\n\t\t<div id=\"dslc-module-133\" class=\"dslc-module-front dslc-module-DSLC_Text_Simple dslc-in-viewport-check dslc-in-viewport-anim-none  dslc-col dslc-12-col dslc-last-col  dslc-module-handle-like-regular \" data-module-id=\"133\" data-module=\"DSLC_Text_Simple\" data-dslc-module-size=\"12\" data-dslc-anim=\"none\" data-dslc-anim-delay=\"0\" data-dslc-anim-duration=\"650\"  data-dslc-anim-easing=\"ease\" data-dslc-preset=\"none\" >\n\n\t\t\t\n\t\t\t\n\t\t\n\t\t<div class=\"dslc-text-module-content\">\n\t\t\t<p><strong><span style=\"color: #ff9900;\">Remonter \u00e0 l'origine<\/span> de ces causes (psychogen\u00e8se, structures familiales)<\/strong><\/p><p>\u00a0<\/p>\t\t<\/div>\n\n\t\t\n\t\t\t\t<\/div><!-- .dslc-module -->\n\t\t<\/div><div class=\"dslc-modules-area dslc-col dslc-1-col  dslc-valign- \" data-size=\"1\" data-valign=\"\"><\/div><div class=\"dslc-modules-area dslc-col dslc-2-col  dslc-valign- \" data-size=\"2\" data-valign=\"\">\n\t\t<div id=\"dslc-module-134\" class=\"dslc-module-front dslc-module-DSLC_Text_Simple dslc-in-viewport-check dslc-in-viewport-anim-none  dslc-col dslc-12-col dslc-last-col  dslc-module-handle-like-regular \" data-module-id=\"134\" data-module=\"DSLC_Text_Simple\" data-dslc-module-size=\"12\" data-dslc-anim=\"none\" data-dslc-anim-delay=\"0\" data-dslc-anim-duration=\"650\"  data-dslc-anim-easing=\"ease\" data-dslc-preset=\"none\" >\n\n\t\t\t\n\t\t\t\n\t\t\n\t\t<div class=\"dslc-text-module-content\">\n\t\t\t<strong><span style=\"color: #ff9900;\">D\u00e9couvrir quels sont les leviers \u00e0 actionner<\/span> pour changer concr\u00e8tement notre existence<\/strong><br><br><br>\t\t<\/div>\n\n\t\t\n\t\t\t\t<\/div><!-- .dslc-module -->\n\t\t<\/div><div class=\"dslc-modules-area dslc-col dslc-1-col  dslc-valign- \" data-size=\"1\" data-valign=\"\"><\/div><div class=\"dslc-modules-area dslc-col dslc-2-col  dslc-valign- \" data-size=\"2\" data-valign=\"\">\n\t\t<div id=\"dslc-module-135\" class=\"dslc-module-front dslc-module-DSLC_Text_Simple dslc-in-viewport-check dslc-in-viewport-anim-none  dslc-col dslc-12-col dslc-last-col  dslc-module-handle-like-regular \" data-module-id=\"135\" data-module=\"DSLC_Text_Simple\" data-dslc-module-size=\"12\" data-dslc-anim=\"none\" data-dslc-anim-delay=\"0\" data-dslc-anim-duration=\"650\"  data-dslc-anim-easing=\"ease\" data-dslc-preset=\"none\" >\n\n\t\t\t\n\t\t\t\n\t\t\n\t\t<div class=\"dslc-text-module-content\">\n\t\t\t<strong><span style=\"color: #ff9900;\">Trouver les ressources int\u00e9rieures<\/span> pour op\u00e9rer les changements n\u00e9cessaires<\/strong><br><br><br>\t\t<\/div>\n\n\t\t\n\t\t\t\t<\/div><!-- .dslc-module -->\n\t\t<\/div><div class=\"dslc-modules-area dslc-col dslc-2-col dslc-last-col dslc-valign- \" data-size=\"2\" data-valign=\"\"><\/div><div class=\"dslc-modules-area dslc-col dslc-2-col dslc-first-col dslc-valign- \" data-size=\"2\" data-valign=\"\"><\/div><div class=\"dslc-modules-area dslc-col dslc-8-col  dslc-valign- \" data-size=\"8\" data-valign=\"\">\n\t\t<div id=\"dslc-module-136\" class=\"dslc-module-front dslc-module-DSLC_Text_Simple dslc-in-viewport-check dslc-in-viewport-anim-none  dslc-col dslc-12-col dslc-last-col  dslc-module-handle-like-regular \" data-module-id=\"136\" data-module=\"DSLC_Text_Simple\" data-dslc-module-size=\"12\" data-dslc-anim=\"none\" data-dslc-anim-delay=\"0\" data-dslc-anim-duration=\"650\"  data-dslc-anim-easing=\"ease\" data-dslc-preset=\"none\" >\n\n\t\t\t\n\t\t\t\n\t\t\n\t\t<div class=\"dslc-text-module-content\">\n\t\t\t<h1 style=\"text-align: center;\">\u00a0<\/h1><h1 style=\"text-align: center;\"><span style=\"color: #333399;\"><strong>Cette astrologie s'adresse donc \u00e0 toute personne d\u00e9sireuse de retrouver <\/strong><\/span><\/h1><h1 style=\"text-align: center;\"><span style=\"color: #333399;\"><strong>le chemin de sa v\u00e9rit\u00e9 int\u00e9rieure pour s'\u00e9panouir dans une vie r\u00e9ellement cr\u00e9ative au sein de<\/strong><\/span><\/h1><h1 style=\"text-align: center;\"><span style=\"color: #333399;\"><strong> la communaut\u00e9 humaine.<\/strong><\/span><\/h1>\t\t<\/div>\n\n\t\t\n\t\t\t\t<\/div><!-- .dslc-module -->\n\t\t<\/div><div class=\"dslc-modules-area dslc-col dslc-2-col dslc-last-col dslc-valign- \" data-size=\"2\" data-valign=\"\"><\/div><\/div><\/div><\/div><\/div>","protected":false},"excerpt":{"rendered":"<p>astrologie structurale Une astrologie enracin\u00e9e dans l\u2019histoireLe monde de l&rsquo;astrologie est si multiforme qu&rsquo;il est plus juste de parler des astrologies que de l&rsquo;astrologie. Mais s&rsquo;il existe un grand nombre d&rsquo;\u00e9coles astrologiques, elles se regroupent toutefois en deux grands courants qui se distinguent par la philosophie qui les sous-tend, et par la finalit\u00e9 qu&rsquo;ils assignent &#8230; <a title=\"ASTROLOGIE STRUCTURALE\" class=\"read-more\" href=\"https:\/\/astrologiestructurale.com\/index.php\/astrologie-structurale\/\" aria-label=\"Plus sur ASTROLOGIE STRUCTURALE\">Lire plus<\/a><\/p>\n","protected":false},"author":1,"featured_media":0,"parent":0,"menu_order":0,"comment_status":"closed","ping_status":"closed","template":"","meta":{"footnotes":""},"class_list":["post-13","page","type-page","status-publish"],"_links":{"self":[{"href":"https:\/\/astrologiestructurale.com\/index.php\/wp-json\/wp\/v2\/pages\/13","targetHints":{"allow":["GET"]}}],"collection":[{"href":"https:\/\/astrologiestructurale.com\/index.php\/wp-json\/wp\/v2\/pages"}],"about":[{"href":"https:\/\/astrologiestructurale.com\/index.php\/wp-json\/wp\/v2\/types\/page"}],"author":[{"embeddable":true,"href":"https:\/\/astrologiestructurale.com\/index.php\/wp-json\/wp\/v2\/users\/1"}],"replies":[{"embeddable":true,"href":"https:\/\/astrologiestructurale.com\/index.php\/wp-json\/wp\/v2\/comments?post=13"}],"version-history":[{"count":2,"href":"https:\/\/astrologiestructurale.com\/index.php\/wp-json\/wp\/v2\/pages\/13\/revisions"}],"predecessor-version":[{"id":22,"href":"https:\/\/astrologiestructurale.com\/index.php\/wp-json\/wp\/v2\/pages\/13\/revisions\/22"}],"wp:attachment":[{"href":"https:\/\/astrologiestructurale.com\/index.php\/wp-json\/wp\/v2\/media?parent=13"}],"curies":[{"name":"wp","href":"https:\/\/api.w.org\/{rel}","templated":true}]}}